hat is t(p)?
10
Let c(s) = 2*s**2 + 4 - 2 - s**2 - 4*s - 5. Give c(6).
9
Let p = 18 + -10. Let o(i) = i**3 - 9*i**2 + 9*i - 5. Let q be o(p). Let y(u) = -3 - q*u + 2*u + 4*u. Calculate y(2).
3
Suppose -4*k + 5*k = 2. Let q(z) = -4 + 4*z + 4*z**3 - 3*z**3 + 2*z**2 + z**k - 5*z. Give q(-3).
-1
Let x(i) be the second derivative of -i**3/3 + i**2/2 - 2*i. Calculate x(2).
-3
Suppose -20 = 10*l - 5*l. Let t(a) = a**3 + 2*a**2 - 4*a + 4. Determine t(l).
-12
Let m(v) = -3*v**3 + 4*v**2 - 12*v + 15. Let d(y) = 4*y**3 - 3*y**2 + 13*y - 16. Let g(c) = 4*d(c) + 5*m(c). Determine g(-9).
2
Let m(l) = 1 + 7*l + 3*l**2 - 2*l**3 - 2 + 0 + l**3. What is m(5)?
-16
Let t(p) = -3*p**2 - 3*p + 5. Let k(b) = 5*b**2 + 7*b - 10. Let l(m) = -4*k(m) - 7*t(m). Determine l(6).
-1
Let x(k) be the second derivative of 3*k**5/20 + k**4/12 - k**3/6 - k**2/2 - k. Determine x(-1).
-2
Suppose 14 - 4 = q. Suppose p = 6*p + q. Let a(b) = 3*b - 2. Give a(p).
-8
Suppose -2*l + 3*d = -21, -l - 4*l - 5*d = 10. Let c(o) = -o**3 + 3*o**2 - 3. Determine c(l).
-3
Let v(s) = -6*s**2 + 5*s + 4. Let t(o) be the third derivative of o**5/12 - o**4/6 - o**3/2 + o**2. Let n(g) = -4*t(g) - 3*v(g). Calculate n(2).
-6
Let z(r) be the first derivative of r**3/3 - r**2/2 - 5*r + 14. Calculate z(0).
-5
Let z = 6 - 4. Suppose z*u = -4*l - 12, 0 = -3*u + 3*l - l + 22. Let o(k) = 4 - 5 - k**2 - 2*k + 7*k. Determine o(u).
3
Let q = -2 + 2. Let y = q + 4. Let x(j) = -j**2 + 4 - 3*j - 5*j**2 + 4*j + 5*j**2. Determine x(y).
-8
Let j(q) = -3*q**2 + 8*q. Let x(v) = v**2 - 4*v. Let y(r) = -2*j(r) - 5*x(r). What is y(-2)?
-4
Let q be (-3)/(-6) + (-10)/(-4). Suppose -q = a - 4. Let h(w) = -w + 2. Give h(a).
1
Suppose -3*f = 2 + 1. Let s(v) = 3*v**2. What is s(f)?
3
Let v(w) = w**2 + 3 + 5*w**3 + 2*w**3 - w - 6*w**3 - 11. Calculate v(0).
-8
Suppose 3*y - 20 + 5 = 0. Let d(t) = -4*t - 5*t**2 + 9*t**2 + 8 - y*t**2. Calculate d(-6).
-4
Let r(q) = -2*q - 6. Let a(l) = 2*l + 5. Let d(u) = -3*a(u) - 2*r(u). Let c be 5*(-1)/10 + (-18)/4. Give d(c).
7
Let m(f) = f**3 + f**2 - 2*f - 1. Let z be m(2). Let s be z/3 + 2/(-6). Let j be (-1)/s + 27/6. Let n(q) = -q + 4. Determine n(j).
0
Let r = -31 - -36. Let z(t) = t**3 - 4*t**2 - 2*t - 6. Determine z(r).
9
Let g be (-60)/36 - 1/3. Let m(x) = -x - 4. Give m(g).
-2
Let s = 5 - 3. Let f(m) = 3*m + 0 - 2*m**s + 4*m**2 + 2. Determine f(-2).
4
Suppose 5*v = f - 21, -4 = 4*f - 2*v + 2. Let j(m) = m + 7. Let s(w) = -6. Let k = -6 - -1. Let x(l) = f*j(l) + k*s(l). Calculate x(2).
-6
Let c(s) be the first derivative of 3*s**4 + s**3/3 - s**2 + s + 1. Determine c(1).
12
Suppose 7*o - 14 = 21. Let k(s) = -s**2 + 8*s + 1. What is k(o)?
16
Let l(i) = -24*i + 48*i + 1 + 7*i**2 - 24*i. Give l(-1).
8
Let j(x) = -x**3 + 4*x**2 + 2*x - 6. Let f be j(4). Let d(l) = -7*l**2 + l + 6*l**f - 1 - 1. Determine d(0).
-2
Let o(x) = x**3 + 5*x**2 + 3*x - 1. Let t be o(-4). Let y = -1 + t. Let a(q) = 2*q**3 - q**2 - 2*q + 1. What is a(y)?
9
Let x(y) = -2*y**2 - 6*y + y**2 - 2 + 2*y**2. Determine x(5).
-7
Let x(z) = z + 7. Suppose 3*k + 33 = 3*a, -3 = 5*a - 18. Suppose 0*h + 3*h - 24 = 0. Let n = h + k. Calculate x(n).
7
Let n be -1*(1 + 1 + -2). Let w(y) = y**3 - y - 4. What is w(n)?
-4
Let n(c) = 7*c - 1. Let j(t) = -5 - 2*t**2 + 0*t**2 + t**2 - 7*t. Let s be j(-5). Let z be (-2)/s - (-9)/(-15). Determine n(z).
-8
Let j(i) = -3*i**3 - 6*i**2 + 5*i - 17. Let r(p) = 2*p - 4 - p**3 - 5*p**2 + 3*p**2 - 2. Let h(w) = 4*j(w) - 11*r(w). What is h(-2)?
2
Let y(m) = -m**2 - m - 1. Let t(p) = -6*p**2 - 7*p - 2. Let z(w) = t(w) - 5*y(w). Determine z(-4).
-5
Let u(r) = 4*r**3 + 17*r**2 - 5*r**3 - 4*r - 24*r**2 + 5. Give u(-6).
-7
Let j = 2 + -5. Let a(o) = o**2 + o - 1. Determine a(j).
5
Let s(t) be the first derivative of -t**2/2 + 4. Determine s(-7).
7
Let b(j) = -8*j - 2. Suppose -a = -3*k - 3, 0 = 5*k - 4*a - 6 + 4. Give b(k).
14
Let v(p) = -p**2 - 4*p - 6. Let g = -11 - 8. Let s = 27 + g. Suppose -3*y + 20 = -s*y. What is v(y)?
-6
Let h(q) be the second derivative of q**4/3 + 3*q**2/2 + 4*q. Let v(d) be the first derivative of h(d). What is v(1)?
8
Let v = -6 - -7. Suppose z = 4 - v. Let h(u) = -u. What is h(z)?
-3
Let b(c) be the third derivative of c**6/120 + c**5/15 + c**4/24 - 5*c**3/6 + c**2. Let g be 5 - 4*1/4 - 8. Give b(g).
-9
Let v(m) = m**2 - 6*m - 11. Let r be (54/30)/(2/10). Determine v(r).
16
Let h = -19 - -19. Let d(z) be the third derivative of 0*z + z**2 + 1/60*z**5 - 5/24*z**4 + h + 1/6*z**3. Calculate d(2).
-5
Let m(k) = 2*k**3 + 6*k**3 - 4*k**3 - 1 + 2*k**2. Suppose -2 = 2*l - 4*f, l + 3*f = 5*l - 1. Suppose 2*o = o + l. Determine m(o).
5
Suppose 3*z + 33 = -3*i, 8 = -3*z + 3*i - i. Let k(d) = -d**3 - 7*d**2 - 8*d - 8. Determine k(z).
4
Let w(p) be the third derivative of p**5/60 - 5*p**4/24 + 2*p**3/3 + 16*p**2. Give w(3).
-2
Let k(a) = 5*a**2 + 5*a + 2. Let c(q) = 2*q**2 + 2*q + 1. Let t(g) = -7*c(g) + 3*k(g). Suppose 12 - 9 = -3*s. Determine t(s).
-1
Suppose -r + 9 = 3. Let w(t) = -t**3 + 6*t**2 - 2*t + 2. Determine w(r).
-10
Let a(q) = 4*q**2 + 4*q + 8. Let i(b) = 3*b**2 + 3*b + 5. Let w(l) = 5*a(l) - 7*i(l). Let u = 1 - 3. Let d = -6 - u. Determine w(d).
-7
Let c(k) = k + 7. Suppose -h - 1 = -3*t, 3*t = -h - 2*t + 7. Let g be (-1 - h) + 1 + -4. Calculate c(g).
1
Let k = -2 - 1. Let c(z) = -7*z - 3. Let w(f) = -6*f - 3. Let q(o) = 4*c(o) - 5*w(o). Give q(k).
-3
Suppose z = -30 + 37. Let w(b) = b**2 - 8*b + 2. Give w(z).
-5
Suppose 4*m - 3*n + 16 = 0, 6*n = 3*n. Let x(k) = -5*k - 6. Determine x(m).
14
Let u be 108/81*3/(-2). Let g(w) = -w + 1. Let x(k) = 9*k - 4. Let n(c) = -6*g(c) - x(c). Calculate n(u).
4
Let d(l) = 56*l**2 - 5*l**3 - 55*l**2 - l**3 + 3*l**3. Let a(u) = -u**2 - 2*u + 1. Let h be a(-2). Determine d(h).
-2
Let o(z) be the first derivative of -z**2/2 + 6*z + 170. Let d be -1 + 0/2 + 1. What is o(d)?
6
Suppose -4*d + 25 = 5*y, -2*y - 2*y - 2*d = -20. Let h(j) = 0 - 5 - j + 5. Determine h(y).
-5
Let q(x) = -x**2 - 2*x. Let y(b) = -1. Let i(j) = q(j) - 5*y(j). Give i(-4).
-3
Let m be (3/(-4))/(3/12). Let g(j) = j**3 + 3*j**2 - 2*j - 1. What is g(m)?
5
Suppose -2*m = -4*j - 2 - 0, -5*j - 2*m = -20. Let b(z) = -5*z + 4*z - 2*z - 4 + j*z. Calculate b(4).
-8
Let j = -1 + 5. Let i(p) = -2 + p + 0 - j*p. Give i(-3).
7
Let o(x) = x**3 + 6*x**2 - 4 - 5*x**2 + 11 + 2*x - 5. Let z(m) = -m + 4. Let d be z(2). Suppose 0 = d*r + 3*r + 10. Calculate o(r).
-6
Let g = 4/123 + -119/4920. Let s(y) be the third derivative of g*y**6 + 0*y + 1/6*y**4 + y**2 + 1/15*y**5 + 0 + 1/3*y**3. What is s(-3)?
-1
Let f(p) be the third derivative of p**6/120 + p**5/12 + p**4/8 - p**3/6 + p**2. Let q(g) = -g**3 + g**2 - 3*g + 6. Let s be q(2). Determine f(s).
3
Let y(x) = x - 1. Let n(p) = p - 2. Let v(h) = 4*n(h) - 3*y(h). Let g(i) = i + 10. Let r be g(-4). Determine v(r).
1
Let p(u) = u**3 + 6*u**2 + 5*u - 6. Let g be (1 - -9)*(-6)/4. Let c = g - -10. What is p(c)?
-6
Let a(s) = s**3 + s**2. Let i(w) = 24*w**3 - 5*w**2 + 1. Let g(d) = 5*a(d) + i(d). Calculate g(-1).
-28
Let x = -2 - -6. Let c(m) = -2*m - m + x*m + 2. Let u(s) = -s**2 + 5*s - 5. Let i be u(5). Give c(i).
-3
Let r(x) = 9 + 0*x**3 - 32*x**2 + 16*x**2 + 15*x**2 + x**3. Determine r(0).
9
Let y(l) = -l**3 + 6*l**2 + 2*l - 2. Let k be y(6). Let i be (-74)/(-14) + k/(-35). Suppose i = -j + 2. Let t(f) = -2*f - 4. What is t(j)?
2
Suppose j - 4*f = 3 + 14, 3*f + 12 = 0. Suppose -n + 0*n + j = 0. Suppose 0 = -k + 2*k - n. Let w(q) = 8*q**3 + q**2 - q. What is w(k)?
8
Let s(l) = l**3 + l**2 - l - 7. Suppose -2*y - 2*f = 4, 4*f + 2 = -5*y - 6. Determine s(y).
-7
Suppose -15*i = -19*i + 24. Let v(c) be the third derivative of -1/120*c**i - 1/20*c**5 + 0 - 1/12*c**4 - 2/3*c**3 + 0*c - 2*c**2. Give v(-3).
2
Let j(u) = -u + 3. Suppose -a - 4*s - s = 21, -5*s - 19 = -a. Let w = a - -5. Determine j(w).
-1
Let s(a) = 5*a**3 + 8*a**2 - 5*a + 6. Let b(t) = 8*t**3 + 15*t**2 - 9*t + 12. Let d(f) = 3*b(f) - 5*s(f). Let z be 6 + 1/(-2 + 1). What is d(z)?
-4
Suppose -3*w - m + 2 = -5*w, -4*w - 3*m + 16 = 0. Suppose z - w = -4. Let i(c) = -2*c + 1. Give i(z).
7
Let x(q) be the first derivative of -q**4/4 + 7*q**3/3 - 3*q**2/2 - 4*q + 4. Give x(6).
14
Let t(f) = -f + 3. Let v(s) = s**3 - 8*s**2 + 14*s - 9. Let r be v(6). Give t(r).
0
Let b(g) = -g**2 + 7*g + 9. Su